ermine y(3).
-3
Let k(m) = m**2 - 4*m + 7. What is k(3)?
4
Let n(l) = l**3 - 15*l**2 + 6*l + 58. Calculate n(14).
-54
Let d(l) = -2*l**2 + 2*l - 1. Give d(1).
-1
Let l(t) = -t**3 + 11*t**2 - 3*t. Calculate l(11).
-33
Let a(q) = 7*q**3 + 4*q**2 + 6*q + 2. Calculate a(-1).
-7
Let h(w) = 38*w - 225. Determine h(6).
3
Let o(l) = -4*l**3 - 15*l**2 - 7*l + 2. Calculate o(-3).
-4
Let j(o) = -2*o - 38. Determine j(-17).
-4
Let r(d) = -2*d - 7. Calculate r(-3).
-1
Let l(i) = -4*i - 9. Calculate l(-6).
15
Let w(m) = 13*m**3. Calculate w(-1).
-13
Let v(m) = -m + 10. Give v(5).
5
Let v(w) = -2*w**3 + 7*w**2 + 26*w + 2. Calculate v(6).
-22
Let v(s) = 2*s + 50. Calculate v(-28).
-6
Let y(r) = -r - 7. What is y(-8)?
1
Let d(j) = -2*j**3 - 7*j**2 - 16*j - 3. Give d(-2).
17
Let u(t) = -5*t - 12. Calculate u(-6).
18
Let p(b) = -5*b - 49. Determine p(-9).
-4
Let d(z) = -14*z**3 + 2*z**2 - 4*z + 3. What is d(1)?
-13
Let j(i) = -i**2 - 10*i + 60. Calculate j(-14).
4
Let s(o) = -5*o**2 - o + 1. Determine s(-2).
-17
Let v(w) = w**2 - 19*w - 95. Calculate v(23).
-3
Let d(p) = p + 16. What is d(-15)?
1
Let p(a) = a**3 - 2*a**2 - 6*a - 6. Determine p(5).
39
Let p(j) = -j**2 - 9*j - 11. Give p(-7).
3
Let i(k) = 3*k**2 - 47*k + 64. Calculate i(14).
-6
Let n(c) = -15*c**2 + 8*c - 8. Determine n(1).
-15
Let y(t) = -5*t + 4. Determine y(0).
4
Let i(a) = a**3 + 8*a**2 - 8*a - 66. Give i(-8).
-2
Let a(x) = -10*x + 100. What is a(10)?
0
Let i(p) = -p**2 + 7*p + 3. Determine i(7).
3
Let m(k) = -k**2 - k + 102. Determine m(-15).
-108
Let x(t) = -24*t - 4. Calculate x(3).
-76
Let u(l) = l**3 + 7*l**2 + 7*l + 13. Determine u(-6).
7
Let m(s) = s**2 - 2*s - 25. Give m(6).
-1
Let o(u) = 5*u**2 + 7*u + 2. Determine o(-3).
26
Let v(q) = -2*q**3 + q**2 - 1. Give v(-1).
2
Let t(g) = -g**3 - 19*g**2 + 17. Determine t(-19).
17
Let n(z) = -z**2 + 10*z + 5. Determine n(11).
-6
Let y(a) = a**3 + 42*a**2 - 42*a + 48. Determine y(-43).
5
Let z(o) = -7*o + 4. Calculate z(2).
-10
Let a(h) = h**2 + 16*h + 54. Give a(-8).
-10
Let z(t) = t**2 + 6*t - 6. Give z(-6).
-6
Let k(x) = -x**2 + 14*x + 2. Determine k(7).
51
Let g(d) = -d**3 - 3*d**2 + 2*d + 1. Give g(-4).
9
Let f(r) = 15*r**3 + 1. What is f(-1)?
-14
Let f(y) = 4*y - 2. Give f(-2).
-10
Let j(s) = s**2 + 6*s - 8. Determine j(-8).
8
Let v(u) = -11*u + 23. Determine v(-9).
122
Let j(l) = l**2 - 28*l + 42. Determine j(27).
15
Let z(l) = -5*l**3 - l**2 + l + 1. What is z(-2)?
35
Let k(o) = -2*o + 6. Calculate k(-8).
22
Let z(r) = -r**3 - r - 18. Calculate z(0).
-18
Let s(q) = 4*q**2 + q - 3. Give s(-3).
30
Let u(a) = -11*a + 8. Determine u(2).
-14
Let i(r) = 16*r - 2. What is i(2)?
30
Let n(j) = -j**3 - 11*j**2 - 13*j - 3. What is n(-9)?
-48
Let h(z) = -z + 5. Give h(0).
5
Let v(j) = 7*j - 13. What is v(-8)?
-69
Let c(x) = 10*x - 83. What is c(7)?
-13
Let r(z) = z**2 - 5*z + 30. Determine r(8).
54
Let h(o) = 7*o - 4. What is h(-8)?
-60
Let a(v) = -v**3 + 6*v**2 + 5*v - 2. Determine a(5).
48
Let u(i) = 33*i**3. What is u(-1)?
-33
Let m(q) = 2*q - 22. What is m(10)?
-2
Let d(h) = -h**3 - 10*h**2 + 26*h + 31. Determine d(-12).
7
Let m(o) = o**3 - 23*o**2 - 24*o - 9. Determine m(24).
-9
Let d(p) = p**2 - 13*p + 29. Give d(5).
-11
Let l(a) = 21*a**2 - 1. Determine l(1).
20
Let x(n) = -n**3 - 8*n**2 + 49*n + 10. What is x(-12)?
-2
Let q(h) = h**3 + 4*h**2 - 38*h - 173. What is q(-5)?
-8
Let a(f) = -2*f**3. What is a(0)?
0
Let w(a) = -a**2 - 4*a - 12. Give w(-7).
-33
Let t(r) = r**2 - 7*r + 24. Give t(0).
24
Let n(a) = a**2 + 8*a - 42. Give n(-12).
6
Let q(u) = -6*u + 13. Give q(-9).
67
Let h(u) = 5*u**3 + 3*u**2 + 3*u + 2. Calculate h(-2).
-32
Let y(t) = -5*t - 51. Calculate y(-13).
14
Let j(q) = q**3 - 13*q**2 + 23*q - 16. Give j(11).
-5
Let s(h) = 2*h**3 - 68*h**2 - 3*h + 116. Give s(34).
14
Let v(u) = -u**3 - 27*u**2 + 56*u - 7. Determine v(-29).
51
Let i(f) = -f**3 - 8*f**2 - f - 8. Give i(-8).
0
Let c(q) = 9*q - 7. What is c(-2)?
-25
Let j(u) = -u**3 - u**2 + 5*u - 5. Calculate j(-4).
23
Let t(k) = -4*k + 7. Give t(-2).
15
Let v(i) = 31*i + 461. Calculate v(-15).
-4
Let x(u) = -u**3 - 15*u**2 - 27*u - 24. Determine x(-13).
-11
Let c(v) = v**3 - 8*v**2 - 11*v + 12. What is c(9)?
-6
Let z(k) = 268*k - 1066. Determine z(4).
6
Let x(w) = w + 15. Determine x(-8).
7
Let a(u) = u**3 - 7*u**2 + 4*u + 1. What is a(6)?
-11
Let p(o) = o**3 + 6*o**2 + 2*o - 9. What is p(-4)?
15
Let c(u) = 5*u - 10. Give c(21).
95
Let u(c) = -2*c + 72. Calculate u(4).
64
Let z(y) = -y**3 + 28*y**2 - 52*y + 2. Determine z(26).
2
Let h(d) = -8*d**2 + 2*d + 6. Determine h(3).
-60
Let n(z) = -7*z + 3. Determine n(1).
-4
Let i(u) = -u**3 + 22*u**2 - 55*u - 33. Give i(19).
5
Let m(b) = b - 13. Determine m(11).
-2
Let v(i) = 15*i**2 - 9*i + 9. What is v(1)?
15
Let k(y) = -y**3 - 10*y**2 + 2*y + 13. Calculate k(-10).
-7
Let r(t) = t**3 - 8*t**2 + 16*t + 22. Determine r(6).
46
Let q(r) = -r**2 + 2*r + 5. What is q(7)?
-30
Let s(d) = 3*d - 78. Determine s(28).
6
Let k(s) = -s**3 - 10*s**2 + 21*s + 1. What is k(2)?
-5
Let o(q) = 20*q**2 - 27*q + 28. Calculate o(1).
21
Let d(w) = -2*w**3 + 54*w**2 - w + 22. What is d(27)?
-5
Let n(m) = -m**3 + 4*m**2 + 2*m + 2. Calculate n(4).
10
Let t(a) = a**2 - 5*a - 1. Determine t(3).
-7
Let d(g) = -g**2 + 14*g - 17. What is d(11)?
16
Let n(m) = 2*m - 29. What is n(17)?
5
Let g(v) = -2*v**3 - 2*v**2 - 3*v - 8. What is g(-2)?
6
Let r(p) = p**3 + 14*p**2 - 53*p + 27. What is r(-17)?
61
Let q(o) = 2*o**3 + 2*o**2 + 5*o - 18. What is q(0)?
-18
Let g(b) = b**3 + 5*b**2 + 3*b + 8. What is g(-3)?
17
Let h(p) = -p**3 - p**2 + 6*p. Give h(-3).
0
Let u(y) = -4*y + 31. Determine u(11).
-13
Let w(s) = 2*s**3 - s**2 - 9*s + 6. Give w(3).
24
Let c(k) = -k**3 - 6*k**2 - 10. Give c(-6).
-10
Let v(c) = 2*c + 16. What is v(-11)?
-6
Let m(p) = -p**3 - 10*p**2 - 6*p + 19. Determine m(-9).
-8
Let y(g) = -g**3 + 3*g**2 + 10*g - 1. Calculate y(5).
-1
Let g(o) = -o**3 - 7*o**2 + 16*o + 69. Calculate g(-8).
5
Let s(m) = -m**3 - 33*m**2 + 68*m - 64. What is s(-35)?
6
Let a(z) = -11*z + 17. Determine a(2).
-5
Let a(q) = -4*q + 6. Determine a(-4).
22
Let m(d) = d**2 + 5*d - 80. Calculate m(7).
4
Let f(x) = -x**2 + 26*x - 131. What is f(21)?
-26
Let q(r) = 23*r - 33. What is q(0)?
-33
Let t(k) = -k**2 - 17*k + 3. Determine t(-16).
19
Let w(p) = -p**3 - 4*p**2 - p + 4. What is w(-2)?
-2
Let z(o) = o**2 - 24*o - 18. Determine z(25).
7
Let b(c) = c**3 + 5*c**2 - 4*c - 23. Calculate b(-3).
7
Let v(n) = -n**3 - 9*n**2 + 6*n. What is v(-9)?
-54
Let t(p) = p**2 + 5*p - 6. What is t(-5)?
-6
Let p(x) = -x**2 + 40. What is p(0)?
40
Let f(c) = 5*c**3 - c**2 + 3*c + 1. Determine f(-2).
-49
Let o(i) = -3*i - 13. Give o(-10).
17
Let f(j) = -j**2 + 62*j - 788. Give f(18).
4
Let g(j) = -2*j**3 - 4*j**2 - 2*j + 1. What is g(-2)?
5
Let i(q) = q**2 - 6*q - 6. Give i(-3).
21
Let p(y) = y**3 + 2*y**2 - 2*y + 6. Calculate p(-3).
3
Let g(l) = -8*l**2 - 10*l + 6. Calculate g(-2).
-6
Let y(n) = -14*n**3 - 5*n**2 + 3*n. Give y(1).
-16
Let j(k) = -k**3 + 10*k**2 - 6*k - 11. Give j(9).
16
Let n(f) = -f**3 - 5*f**2 - 6. What is n(-5)?
-6
Let n(c) = 13*c + 1. Determine n(1).
14
Let o(q) = -q**2 - 7*q + 4. What is o(-7)?
4
Let q(m) = m**3 - 7*m**2 - 7*m - 14. Give q(8).
-6
Let u(q) = -q**3 + 5*q**2 - 4*q. Give u(5).
-20
Let r(v) = v**3 - 14*v**2 + 9*v - 3. What is r(14)?
123
Let c(k) = -k**3 + 40. What is c(0)?
40
Let q(g) = -3*g**2 - 2. Determine q(1).
-5
Let l(o) = -9*o + 21. What is l(3)?
-6
Let w(f) = f**3 - 6*f**2 + f - 12. What is w(6)?
-6
Let a(z) = z**2 + 8*z - 25. Give a(3).
8
Let j(g) = -g**2 + 4*g + 6. Calculate j(4).
6
Let p(o) = -o**3 - 2*o**2 + 6*o + 6. Determine p(-3).
-3
Let l(q) = -q + 8. What is l(1)?
7
Let c(b) = -b**3 + 4*b**2 + 4*b + 8. Give c(6).
-40
Let x(t) = t - 18. Calculate x(14).
-4
Let k(c) = c + 14. Calculate k(-10).
4
Let c(o) = 14*o - 16. Calculate c(4).
40
Let c(r) = 6*r + 3. What is c(-4)?
-21
Let f(x) = 14*x**2 - 3*x - 8. Determine f(-2).
54
Let j(o) = o**3 - 3*o**2 - 4*o + 4. Determine j(5).
34
Let r(g) = -27*g - 2. What is r(-1)?
25
Let c(k) = k**3 - 6*k**2 + 3*k + 4. What is c(2)?
-6
Let s(i) = i**3 - 18*i**2 + 16*i + 20. What is s(17)?
3
Let b(g) = -2*g**3 - 14*g**2 + 6*g - 26. Determine b(-8).
54
Let n(p) = 73*p - 147. Calculate n(2).
-1
Let l(x) = 8*x - 260. Give l(